 -12. Let w = 9 - l. Let k = w - -11. What are the prime factors of k?
3
Let v = -1414 + 3069. List the prime factors of v.
5, 331
Let j(a) = -13*a**3 + 4*a**2 + a + 7. What are the prime factors of j(-5)?
11, 157
Suppose -4*q = -27 - 49. Let i be 4*((-44)/(-16) + -3). Let a = q + i. List the prime factors of a.
2, 3
Let a = -86 - -1318. What are the prime factors of a?
2, 7, 11
Let c = 1694 - -1018. What are the prime factors of c?
2, 3, 113
What are the prime factors of 3996/4 + 1 + 88/(-22)?
2, 3, 83
Let t(x) = 154*x - 70. What are the prime factors of t(9)?
2, 7, 47
Let u = 614 - 507. What are the prime factors of u?
107
Let j = -38 - -65. What are the prime factors of j?
3
What are the prime factors of (-47580)/(-50) + ((-28)/5 - -6)?
2, 7, 17
What are the prime factors of 11470/4 - (385/22 - 18)?
2, 3, 239
Let u = -81 + 84. List the prime factors of (-4)/8 - u/(-6) - -215.
5, 43
Let k be (228/(-30))/((-2)/(-60)). Let p = k - -339. What are the prime factors of p?
3, 37
Let y be (45/(-10) + 2)*-2. Suppose y*x = 10*x - 330. List the prime factors of x.
2, 3, 11
Suppose 0 = -4*j + 12 + 20. Let z(a) = a**2 - 11*a - 5. Let w be z(j). Let g = 49 + w. List the prime factors of g.
2, 5
Let b(g) = -g**3 - 3*g**2 + 2*g. Let n be b(0). Suppose n = 15*q - 14*q - 121. What are the prime factors of q?
11
Let g(u) = u - 2. Let o be g(7). Suppose -5*p + 340 = o*m - 95, -3*m + 281 = -p. What are the prime factors of m?
2, 23
Let b = -10 + 9. Let a be 58/b*(-2 + 6). List the prime factors of 4/(-14) + a/(-28).
2
Suppose 4*k - 3*r = 1269, -4*k - 1600 = -9*k + r. List the prime factors of k.
3, 107
What are the prime factors of (-6)/9 + 3642/36*4?
2, 101
Suppose -f = 4*c - 2952, -2*f - 3*c + 5897 = -2*c. What are the prime factors of f?
2, 11, 67
Let u(g) = 54*g**2 - 348*g - 1. What are the prime factors of u(-5)?
3089
Let o(n) = -7*n**2 - 3*n + 2. Let p = -16 + 13. Let w be o(p). Let f = w - -81. What are the prime factors of f?
29
Suppose 8*o - 34800 = -4*o. What are the prime factors of o?
2, 5, 29
Suppose 0 = 2*l - 462 + 122. List the prime factors of l.
2, 5, 17
Suppose u - 232 - 111 = 0. List the prime factors of u.
7
List the prime factors of -3 - -1 - (22 - 18) - -583.
577
Let j = 2137 - 991. List the prime factors of j.
2, 3, 191
Let v be (0 - 0)/(6/(-2 - -8)). Suppose n - g - 3*g = 160, v = -n + 5*g + 165. What are the prime factors of n?
2, 5, 7
Suppose 0 = -3*b - 0*b + 210. Suppose l - n = 12 + 10, 4*l - b = -2*n. What are the prime factors of l?
19
Suppose 0 = -3*s - 2*l + 7, 0 = -5*l + 10. Let v(m) = 5*m**2 + 11*m + 1. Let a(h) = h - 1. Let z(q) = s*v(q) - 5*a(q). What are the prime factors of z(-4)?
2, 31
Suppose d + 3*x = 15, -d + 30 = 2*d + 4*x. Let h(n) = 2*n**3 - 9*n**2 + 2*n + 5. List the prime factors of h(d).
5
Let u be 9/18 - 1/2. Suppose a - 4 - 5 = u. List the prime factors of 24/a - (-4)/(-6).
2
Let f be 3*(84/(-9))/1. Let c = f - -96. List the prime factors of c.
2, 17
Suppose 3*t + 5 = -1. Let k(y) = -y + 10. Let g be k(6). What are the prime factors of ((-13)/2)/(t/g)?
13
Suppose -9 = i + 2*p, -p - 36 = 3*i - 9. Let t = i - -20. Let d(q) = q**2 - 7*q - 5. List the prime factors of d(t).
3, 13
Suppose 4 - 49 = m. Let i = 26 + m. Let d = i - -60. List the prime factors of d.
41
Suppose 24 + 4 = 4*c. List the prime factors of (-6)/(c/((-735)/10)).
3, 7
Let y = -3573 - -5225. List the prime factors of y.
2, 7, 59
Let k be 0 - (1 - -2)*5. Let h = 20 + k. Suppose -h*d + 14 + 26 = 0. What are the prime factors of d?
2
Let t(q) = 148*q**2 + 3*q - 3. Let w = 52 + -51. List the prime factors of t(w).
2, 37
Suppose 4*t + 5*w = 729, -w = -4*t + 3*t + 171. Suppose -28 = 4*k - t. What are the prime factors of k?
37
Let o(i) = -i**3 + 12*i**2 - 21*i + 12. Let l be o(10). Suppose -q - 297 = -l*q. List the prime factors of q.
3, 11
Suppose 0*c + 2*c - 94 = 0. Suppose a + 2*f - 77 = 0, 0 = 5*a - 3*f - 2*f - 355. Let p = a - c. List the prime factors of p.
2, 13
Let f(m) = 55*m - 12. List the prime factors of f(7).
373
Suppose -5*w - 3*u + 3875 = 0, -u - 25 = -6*u. What are the prime factors of w?
2, 193
Suppose 2*v - 321 = -b + v, -b - 2*v = -321. List the prime factors of b.
3, 107
Suppose -19 = 5*p - 159. Let a = p - 14. Suppose t - a = -t. List the prime factors of t.
7
Let d(c) = c**3 - c. Let q be d(-2). Let w(h) = -5*h + 22. List the prime factors of w(q).
2, 13
Let u(v) = -23*v**2 - 18*v**2 - 2*v + 25 + 36*v**2 - v**3. What are the prime factors of u(-5)?
5, 7
Let p be (-4)/10 - (-2)/5. Suppose -6*m + 3*m = -6. Suppose p*u + m*u = 3*c + 15, -4*u + 3*c = -27. List the prime factors of u.
2, 3
List the prime factors of ((-4985)/(-4))/(15/48).
2, 997
Let d = 1 + 1. Let o be 3/(-2*d/(-4)). Suppose -22 = -i - q, o*i - 2*i - q - 24 = 0. What are the prime factors of i?
23
Suppose 5*b = -3*d + 2*d + 74, b = -5*d + 250. Suppose 2*m - d - 37 = 0. List the prime factors of m.
43
Suppose -x + 4*z - 269 + 809 = 0, 1662 = 3*x + 2*z. What are the prime factors of x?
2, 3, 23
List the prime factors of 181*((-8)/(-6))/((-84)/(-63)).
181
Suppose -3*h = -3*x - 6, 2*x - 7*x = 4*h - 26. Suppose 0*n - 2*n = 4*m - 56, 3*n - 84 = -h*m. List the prime factors of n.
2, 7
Suppose 0 = 8*y - 17*y + 4266. List the prime factors of y.
2, 3, 79
Suppose -7 = -6*b + 4757. What are the prime factors of b?
2, 397
Let q(v) = -v + 13. Let t be q(-4). Let b = 46 + t. List the prime factors of b.
3, 7
Suppose -4255*b + 4251*b + 12264 = 0. List the prime factors of b.
2, 3, 7, 73
Let l be (-3)/(2*4/480). Let x = -90 - l. List the prime factors of x.
2, 3, 5
Let z(x) = 18*x + 1. Let r be z(1). Let y = 13 + -4. Let u = r + y. What are the prime factors of u?
2, 7
Suppose 0 = -4*d - 5*c + 5135, -28*d = -31*d - 4*c + 3850. What are the prime factors of d?
2, 3, 5, 43
Let r = -92 - -96. Suppose -r*q = 4*k - 8*k + 840, -q = -5*k + 1034. List the prime factors of k.
2, 103
Let x be (-66)/(-8) - 1/4. Let i be (x/12)/(2/51). Let l = 41 - i. List the prime factors of l.
2, 3
Suppose -24*d + 27*d - 5*p = 578, -4*p = -20. List the prime factors of d.
3, 67
Let z = -2820 + 10044. What are the prime factors of (-6)/(-27) + z/54?
2, 67
Suppose f - 4*i = 2452, 3*i + 2874 + 4491 = 3*f. What are the prime factors of f?
2, 307
Suppose -962 = -2*p + 4*u, 4*u = 4*p - 0*u - 1912. What are the prime factors of p?
5, 19
Let t(p) = p**3 + 38*p**2 - 146*p - 39. What are the prime factors of t(-41)?
2, 113
Suppose 2*q + g - 63 = 0, 51 = 5*q - 2*g - 102. Let i = 41 - q. What are the prime factors of i?
2, 5
Let b(x) = 7*x. Let d be b(8). Let c = d - 36. List the prime factors of (-748)/(-16) + 5/c.
47
Let y(i) = -9*i + 6. Let x be y(-2). Let w = 31 - x. List the prime factors of w.
7
Let n = 10 - 10. Let w be n*2/12*3. Suppose 2*y - 58 = -w*y. What are the prime factors of y?
29
Suppose -z + 3*b + 765 = 3*z, 0 = -2*z - b + 385. List the prime factors of z.
2, 3
Let y(h) = 71*h**2 + 12*h - 54. What are the prime factors of y(4)?
2, 5, 113
Let u(h) = h**3 - 19*h**2 - 10*h - 115. List the prime factors of u(23).
7, 11, 23
Suppose -5*a - 565 = -3560. List the prime factors of a.
599
Let y = -3 - -169. List the prime factors of y.
2, 83
Let q(j) = -5*j + 22. Let d be q(0). Suppose 24*k = d*k + 102. List the prime factors of k.
3, 17
Suppose 5*g = 4*w - 10097, 0 = -2*w + 2*g + 8104 - 3056. What are the prime factors of w?
3, 29
Let y be (-154)/33 - 1/3. Let q be (-42)/y + (-2)/5. Suppose 5*o = -q - 2, 0 = -5*u + 3*o + 106. What are the prime factors of u?
2, 5
Let q = 904 - 555. List the prime factors of q.
349
Let v = 3288 + -1461. List the prime factors of v.
3, 7, 29
Let a(h) = h**3 - 11*h**2 - 69*h - 9. List the prime factors of a(18).
3, 113
Suppose -13*v - 15*v = -49224. What are the prime factors of v?
2, 3, 293
Let w = 197 - -115. What are the prime factors of w?
2, 3, 13
Suppose -188 = 2*g + 4*y - 1164, 0 = g + y - 493. List the prime factors of g.
2, 3, 83
Let f = -570 - -1863. What are the prime factors of f?
3, 431
Let h be ((-55)/(-15)*3)/1. Let n be -20*h/(-2) + -2. Suppose -r = 2*l + l - 70, n = 2*r - 2*l. What are the prime factors of r?
2, 29
Let i = -29 - -33. Suppose -i*v - v = 0, 3*g - 2*v = 69. What are the prime factors of g?
23
Suppose -9 = -3*n - 0, n + 1 = 2*b. Suppose b*d + 5*x = -